y 280225?
49
What is the remainder when 23105215 is divided by 7701737?
4
What is the remainder when 605848 is divided by 100971?
22
Calculate the remainder when 182121257 is divided by 3035.
12
Calculate the remainder when 23814 is divided by 10220.
3374
What is the remainder when 768328 is divided by 256070?
118
What is the remainder when 721843 is divided by 580?
323
What is the remainder when 2578653 is divided by 6?
3
What is the remainder when 12614 is divided by 1011?
482
Calculate the remainder when 483973 is divided by 77.
28
Calculate the remainder when 16800 is divided by 4150.
200
What is the remainder when 7074935 is divided by 251?
249
Calculate the remainder when 50322968 is divided by 1227.
17
Calculate the remainder when 11812527 is divided by 152.
151
Calculate the remainder when 37353 is divided by 5931.
1767
Calculate the remainder when 26378476 is divided by 104.
20
Calculate the remainder when 77436521 is divided by 9.
8
What is the remainder when 273778 is divided by 38516?
4166
Calculate the remainder when 35505 is divided by 6462.
3195
What is the remainder when 39317576 is divided by 776?
760
What is the remainder when 206117 is divided by 14575?
2067
What is the remainder when 42669870 is divided by 349753?
4
What is the remainder when 4223579 is divided by 374?
371
Calculate the remainder when 2433360 is divided by 234.
228
Calculate the remainder when 684522002 is divided by 87.
86
Calculate the remainder when 34831257 is divided by 5.
2
What is the remainder when 70155 is divided by 1027?
319
What is the remainder when 6713264 is divided by 3356632?
0
What is the remainder when 6923751 is divided by 5?
1
What is the remainder when 1182553 is divided by 404?
45
Calculate the remainder when 276001 is divided by 3324.
109
What is the remainder when 115002 is divided by 36552?
5346
What is the remainder when 592270 is divided by 15182?
172
What is the remainder when 337083 is divided by 3662?
179
What is the remainder when 7290306 is divided by 428840?
26
Calculate the remainder when 1367205 is divided by 754.
203
What is the remainder when 714539 is divided by 89301?
131
Calculate the remainder when 112752934 is divided by 1743.
7
What is the remainder when 57505532 is divided by 444?
428
Calculate the remainder when 788656 is divided by 213.
130
Calculate the remainder when 507691 is divided by 253266.
1159
What is the remainder when 3612515 is divided by 20?
15
What is the remainder when 4537098 is divided by 164?
38
Calculate the remainder when 4653403 is divided by 1054.
1047
What is the remainder when 19752624 is divided by 1302?
1284
Calculate the remainder when 1456412 is divided by 1456395.
17
What is the remainder when 690380 is divided by 689059?
1321
What is the remainder when 58255 is divided by 550?
505
What is the remainder when 8462912 is divided by 100?
12
What is the remainder when 62531 is divided by 20820?
71
What is the remainder when 22579781 is divided by 45?
41
What is the remainder when 10052 is divided by 9802?
250
What is the remainder when 478798 is divided by 75?
73
Calculate the remainder when 12350 is divided by 5485.
1380
Calculate the remainder when 2334103 is divided by 389016.
7
What is the remainder when 431863 is divided by 283?
5
What is the remainder when 42213 is divided by 21046?
121
Calculate the remainder when 24604163 is divided by 61.
57
What is the remainder when 15910 is divided by 1084?
734
Calculate the remainder when 8300871 is divided by 30295.
41
Calculate the remainder when 15424603 is divided by 69.
67
What is the remainder when 2882234 is divided by 1237?
24
What is the remainder when 1157414 is divided by 547?
509
What is the remainder when 232687 is divided by 4663?
4200
What is the remainder when 197314 is divided by 575?
89
What is the remainder when 51045 is divided by 43?
4
What is the remainder when 12447612 is divided by 1731?
1722
Calculate the remainder when 29772863 is divided by 1221.
1220
What is the remainder when 81649 is divided by 81466?
183
What is the remainder when 3366970 is divided by 1104?
874
What is the remainder when 296434 is divided by 98623?
565
What is the remainder when 219462 is divided by 30?
12
What is the remainder when 1390827 is divided by 1595?
1582
What is the remainder when 3393841 is divided by 2419?
2403
What is the remainder when 979771 is divided by 1219?
914
What is the remainder when 24517923 is divided by 160?
3
What is the remainder when 121575583 is divided by 16?
15
What is the remainder when 113409 is divided by 986?
19
Calculate the remainder when 715549 is divided by 150.
49
What is the remainder when 19720468 is divided by 210?
208
Calculate the remainder when 794327 is divided by 18911.
65
What is the remainder when 86171 is divided by 85143?
1028
What is the remainder when 6335522 is divided by 13?
11
Calculate the remainder when 23740 is divided by 10205.
3330
Calculate the remainder when 38276919 is divided by 105.
9
What is the remainder when 70904 is divided by 17689?
148
What is the remainder when 57874 is divided by 38?
0
Calculate the remainder when 3389379 is divided by 36.
15
Calculate the remainder when 218559156 is divided by 469.
466
Calculate the remainder when 10826310 is divided by 132028.
14
Calculate the remainder when 2210545 is divided by 8913.
121
Calculate the remainder when 41531346 is divided by 155.
26
What is the remainder when 530816 is divided by 8023?
1298
What is the remainder when 30361344 is divided by 114571?
29
Calculate the remainder when 2906937 is divided by 1453379.
179
What is the remainder when 855859 is divided by 4788?
3595
Calculate the remainder when 1112300 is divided by 4989.
4742
What is the remainder when 151623 is divided by 154?
87
What is the remainder when 67238487 is divided by 110?
107
Calculate the remainder when 3714983 is divided by 121.
41
Calculate the remainder when 26226 is divided by 5242.
16
What is the remainder when 203970322 is divided by 65?
62
Calculate the remainder when 808629 is divided by 1805.
1794
Calculate the remainder when 7182170 is divided by 897771.
2
What is the remainder when 17064933 is divided by 5?
3
Calculate the remainder when 56094682 is divided by 27.
22
Calculate the remainder when 46789 is divided by 7788.
61
Calculate the remainder when 539716 is divided by 388.
8
Calculate the remainder when 131874505 is divided by 1841.
1834
Calculate the remainder when 1045567 is divided by 16293.
2815
What is the remainder when 527577 is divided by 546?
141
What is the remainder when 4225026 is divided by 707?
701
What is the remainder when 109525 is divided by 3957?
2686
What is the remainder when 26005462 is divided by 3715066?
0
What is the remainder when 12480294 is divided by 339?
9
What is the remainder when 14147779 is divided by 216?
211
Calculate the remainder when 375139 is divided by 62518.
31
Calculate the remainder when 5766917 is divided by 114.
113
What is the remainder when 65594 is divided by 33?
23
Calculate the remainder when 688143 is divided by 114690.
3
Calculate the remainder when 2779749 is divided by 203.
70
Calculate the remainder when 6383311 is divided by 291.
226
Calculate the remainder when 63883257 is divided by 21.
18
Calculate the remainder when 49473 is divided by 79.
19
What is the remainder when 21223194 is divided by 16?
10
What is the remainder when 40938056 is divided by 2?
0
What is the remainder when 107379 is divided by 5648?
67
What is the remainder when 13888232 is divided by 51?
14
Calculate the remainder when 396055757 is divided by 8.
5
Calculate the remainder when 6325999 is divided by 632597.
29
Calculate the remainder when 3830721 is divided by 4383.
4362
What is the remainder when 963302 is divided by 107031?
23
Calculate the remainder when 134701107 is divided by 115.
112
What is the remainder when 1513087 is divided by 2955?
127
Calculate the remainder when 36716 is divided by 12068.
512
Calculate the remainder when 3842166 is divided by 25.
16
What is the remainder when 2040172041 is divided by 57?
54
Calculate the remainder when 19424993 is divided by 26646.
59
What is the remainder when 19925108 is divided by 41?
10
What is the remainder when 63877026 is divided by 11?
4
W